{"id":65,"date":"2021-05-25T15:41:01","date_gmt":"2021-05-25T14:41:01","guid":{"rendered":"http:\/\/www.webglen.com\/harpe-celtique-festival2012\/?page_id=65"},"modified":"2026-04-08T14:11:18","modified_gmt":"2026-04-08T13:11:18","slug":"samedi-15","status":"publish","type":"page","link":"https:\/\/www.harpe-celtique.fr\/festival\/samedi-15\/","title":{"rendered":"Samedi 11 juillet"},"content":{"rendered":"\n<div class=\"wp-block-cover\"><img loading=\"lazy\" decoding=\"async\" width=\"1024\" height=\"768\" class=\"wp-block-cover__image-background wp-image-1874\" alt=\"\" src=\"https:\/\/www.harpe-celtique.fr\/festival\/wp-content\/uploads\/2012\/06\/Salon-des-luthiers-\u00a9Brigitte-Costa-Leard\u00e9e-1024x768.jpg\" data-object-fit=\"cover\" srcset=\"https:\/\/www.harpe-celtique.fr\/festival\/wp-content\/uploads\/2012\/06\/Salon-des-luthiers-\u00a9Brigitte-Costa-Leard\u00e9e-1024x768.jpg 1024w, https:\/\/www.harpe-celtique.fr\/festival\/wp-content\/uploads\/2012\/06\/Salon-des-luthiers-\u00a9Brigitte-Costa-Leard\u00e9e-300x225.jpg 300w\" sizes=\"auto, (max-width: 1024px) 100vw, 1024px\" \/><span aria-hidden=\"true\" class=\"wp-block-cover__background has-background-dim\"><\/span><div class=\"wp-block-cover__inner-container is-layout-flow wp-block-cover-is-layout-flow\">\n<p class=\"has-text-align-center has-white-color has-text-color has-link-color has-large-font-size wp-elements-9953298c9792f3495b7951d62453e511\"><a href=\"https:\/\/www.harpe-celtique.fr\/festival\/salon-des-luthiers\/\" target=\"_blank\" rel=\"noreferrer noopener\"><strong>Salon des Luthiers<\/strong><\/a><br>de 9h \u00e0 18h, aux Cordeliers, Gratuit<\/p>\n<\/div><\/div>\n\n\n<h2>\u00a0<\/h2>\n<h2 style=\"text-align: center;\"><span class=\"OYPEnA text-decoration-none text-strikethrough-none\">L&rsquo;Arpiconte &#8211; Camille L\u00e9v\u00eaque,<\/span> <span class=\"OYPEnA text-decoration-none text-strikethrough-none\">jeune public<\/span><\/h2>\n<h2 style=\"text-align: center;\">11h &#8211; Biblioth\u00e8que de Dinan &#8211; gratuit (r\u00e9servation aupr\u00e8s de la Maison de la Harpe)<\/h2>\n<p class=\"cvGsUA direction-ltr align-justify para-style-body\"><em>Un spectacle interactif avec harpe \u00e0 leviers destin\u00e9s \u00e0 un public familial (\u00e0 partir de 5 ans)<\/em><\/p>\n<p class=\"cvGsUA direction-ltr align-justify para-style-body\">Camille Levecque se forme \u00e0 la commedia dell\u2019arte, au mime et aux monologues dans les cours de th\u00e9\u00e2tre d\u2019Agust\u00edn Arrazola de 2006 \u00e0 2010 \u00e0 San Sebasti\u00e1n, en Espagne. Elle \u00e9crit son premier monologue En el fondo del\u00a0 bosque (Au fond de la f\u00f4ret) en 2009 et sa premi\u00e8re oeuvre collective en tant que\u00a0 coautrice avec Jorge Ferrando Garc\u00eda, Ad\u00e1n y Eva (Adam et \u00c8ve), en 2010. <br \/>Depuis lors, elle entrelace musique et th\u00e9\u00e2tre dans ses cr\u00e9ations et ses activit\u00e9s artistiques. \u00ab Les\u00a0 Arpicontes \u00bb, que Camille Levecque cr\u00e9e en 2014, sont le fruit de son int\u00e9r\u00eat pour les Arts de la sc\u00e8ne. Il s\u2019agit d\u2019un ensemble de spectacles pour tous les publics dont le but est de faire d\u00e9couvrir la harpe au plus grand nombre de fa\u00e7on originale et bienveillante.<\/p>\n<hr \/>\n<h1 style=\"text-align: center;\"><strong><span style=\"color: #000000;\">CONCERTS AUX CORDELIERS<\/span><\/strong><\/h1>\n<h2><span style=\"color: #000000;\"><strong>15h30, Compagnie Artemusie<\/strong><\/span><\/h2>\n<p class=\"cvGsUA direction-ltr align-justify para-style-body\">Des chants de p\u00e8lerins aux polyphonies du d\u00e9but de la Renaissance, la Compagnie Artemusie explore les musiques de l&rsquo;Espagne des trois cultures. Avec leur instrumentarium de pr\u00e9dilection, harpes, organetto, fl\u00fbtes, vi\u00e8le, clavicytherium, saz et percussions, Eva Fogelgesang et Christophe Deslignes font r\u00e9sonner les<br \/>Cantigas de Santa Maria, chansons s\u00e9farades, musiques Arabo-andalouses, chansons du Libre Vermell et du Codex Calixtinus, chansons polyphoniques de Juan de Triana et Juan del Encina, dans un programme<br \/>color\u00e9 et contrast\u00e9 qui \u00e9voque les riches heures de la Convivencia. C&rsquo;est l&rsquo;\u00e9poque des \u00e9changes artistiques, philosophiques et scientifiques entre les trois monoth\u00e9ismes. Jusqu&rsquo;\u00e0 l&rsquo;Edit d&rsquo;expulsion des juifs d&rsquo;Espagne, qui marqua le d\u00e9but des temps modernes.<\/p>\n<p style=\"text-align: right;\"><em>Tarifs : 11\u20ac \/ 6\u20ac<\/em><\/p>\n<h2><strong>17h30 &#8211; Morgane Le Cuff<\/strong><\/h2>\n<p class=\"_04xlpA direction-ltr align-justify para-style-body\"><a href=\"https:\/\/www.harpe-celtique.fr\/festival\/samedi-15\/fnceapromo1\/\" rel=\"attachment wp-att-4012\"><img decoding=\"async\" class=\"aligncenter size-full wp-image-4012\" src=\"https:\/\/www.harpe-celtique.fr\/festival\/wp-content\/uploads\/2024\/02\/FNCEAPromo1.heic\" alt=\"\" \/><\/a><\/p>\n<p>Passionn\u00e9e de traditions orales, collect\u00e9es entre la Galice, les Asturies et sa Bretagne natale, Morgane Le Cuff se fait tour \u00e0 tour clown, conteuse, chanteuse,\u00a0 accompagn\u00e9e d\u2019une harpe celtique et de percussions ib\u00e9riques comme la pandereta ou les cuill\u00e8res en bois. Au pas, au trot ou en Gallo (langue de Haute-<br \/>Bretagne), elle nous am\u00e8ne au fond d\u2019un lac pour d\u00e9couvrir les stratag\u00e8mes de la f\u00e9e Viviane afin de s\u00e9duire Merlin, ou encore aux origines imaginaires de la harpe. Chatouillant, pin\u00e7ant, percutant ou effleurant les cordes les plus sensibles de nos \u00e2mes, Morgane passe du rire aux larmes en transmettant son amour du jeu et de l\u2019improvisation.<\/p>\n<p class=\"cvGsUA direction-ltr align-justify para-style-body\"><span class=\"OYPEnA text-decoration-none text-strikethrough-none\">\u00a0<\/span><\/p>\n<p style=\"text-align: right;\"><em>Tarifs : 11\u20ac \/ 6\u20ac<\/em><\/p>\n<hr \/>\n<h1 style=\"text-align: center;\">TH\u00c9\u00c2TRE\u00a0DES JACOBINS &#8211; 20h30<\/h1>\n<h2>Anna Eggersberger<\/h2>\n<p>En 2018, Anna a suivi sa passion pour la harpe irlandaise et a int\u00e9gr\u00e9 l&rsquo;Acad\u00e9mie des Musiques Traditionnelles Irlandaises de l&rsquo;Universit\u00e9 de Limerick. Elle a obtenu en 2023 une licence et un master en interpr\u00e9tation de musique traditionnelle irlandaise, avec mention tr\u00e8s bien dans les deux domaines. Son instrument de pr\u00e9dilection est la harpe \u00e0 leviers, qu&rsquo;elle utilise pour explorer les fronti\u00e8res entre tradition et innovation.<br \/>Parall\u00e8lement \u00e0 ses \u00e9tudes, Anna a acquis une exp\u00e9rience p\u00e9dagogique en travaillant avec une section locale de Comhaltas et en enseignant aux \u00e9tudiants de premier cycle de l&rsquo;Acad\u00e9mie des Musiques\u00a0 Traditionnelles Irlandaises. Ses r\u00e9alisations ont \u00e9t\u00e9 reconnues internationalement : en 2022, elle a re\u00e7u le prix Ian MacLe\u00f2id du jeune compositeur d\u00e9cern\u00e9 par la Clarsach Society en \u00c9cosse, et en 2023 et 2025, elle a remport\u00e9 la m\u00e9daille d&rsquo;argent au Troph\u00e9e Camac \u00e0 Lorient.<\/p>\n<h3 style=\"text-align: left;\">Raoul Moretti<\/h3>\n<p class=\"cvGsUA direction-ltr align-justify para-style-body\">COULEURS VOYAGEUSES <br \/>Un flux musical ininterrompu, compos\u00e9 de morceaux issus de ses quatre albums solo, un voyage sonore\u00a0 captivant m\u00ealant textures classiques, influences pop-rock, improvisation et une utilisation \u00e9quilibr\u00e9e de l&rsquo;\u00e9lectronique.<br \/>L&rsquo;Italo-Suisse Raoul Moretti est un harpiste polyvalent et exp\u00e9rimental.<br \/>Fort de 25 ans de carri\u00e8re et de milliers de concerts, il est aujourd&rsquo;hui reconnu comme l&rsquo;un des harpistes les plus novateurs, jouissant d&rsquo;une carri\u00e8re artistique internationale. Il fait dialoguer sa harpe avec des univers musicaux vari\u00e9s, d&rsquo;autres formes d&rsquo;art et dans des lieux des plus divers.<\/p>\n<p style=\"margin-bottom: 18pt; background: white; box-sizing: border-box; font-variant-ligatures: normal; font-variant-caps: normal; orphans: 2; widows: 2; -webkit-text-stroke-width: 0px; text-decoration-thickness: initial; text-decoration-style: initial; text-decoration-color: initial; word-spacing: 0px; text-align: right;\"><em>Tarifs soir\u00e9e : 19\u20ac \/ r\u00e9duit 13\u20ac<\/em><\/p>\n<p style=\"text-align: center;\">\u00a0<\/p>\n\n\n<p><\/p>\n\n\n\n<p><\/p>\n","protected":false},"excerpt":{"rendered":"<p>\u00a0 L&rsquo;Arpiconte &#8211; Camille L\u00e9v\u00eaque, jeune public 11h &#8211; Biblioth\u00e8que de Dinan &#8211; gratuit (r\u00e9servation aupr\u00e8s de la Maison de la Harpe) Un spectacle interactif&hellip; <\/p>\n","protected":false},"author":1,"featured_media":0,"parent":0,"menu_order":0,"comment_status":"closed","ping_status":"closed","template":"page-templates\/gallery-template.php","meta":{"_monsterinsights_skip_tracking":false,"_monsterinsights_sitenote_active":false,"_monsterinsights_sitenote_note":"","_monsterinsights_sitenote_category":0,"footnotes":"","_links_to":"","_links_to_target":""},"class_list":["post-65","page","type-page","status-publish","hentry"],"_links":{"self":[{"href":"https:\/\/www.harpe-celtique.fr\/festival\/wp-json\/wp\/v2\/pages\/65","targetHints":{"allow":["GET"]}}],"collection":[{"href":"https:\/\/www.harpe-celtique.fr\/festival\/wp-json\/wp\/v2\/pages"}],"about":[{"href":"https:\/\/www.harpe-celtique.fr\/festival\/wp-json\/wp\/v2\/types\/page"}],"author":[{"embeddable":true,"href":"https:\/\/www.harpe-celtique.fr\/festival\/wp-json\/wp\/v2\/users\/1"}],"replies":[{"embeddable":true,"href":"https:\/\/www.harpe-celtique.fr\/festival\/wp-json\/wp\/v2\/comments?post=65"}],"version-history":[{"count":129,"href":"https:\/\/www.harpe-celtique.fr\/festival\/wp-json\/wp\/v2\/pages\/65\/revisions"}],"predecessor-version":[{"id":4346,"href":"https:\/\/www.harpe-celtique.fr\/festival\/wp-json\/wp\/v2\/pages\/65\/revisions\/4346"}],"wp:attachment":[{"href":"https:\/\/www.harpe-celtique.fr\/festival\/wp-json\/wp\/v2\/media?parent=65"}],"curies":[{"name":"wp","href":"https:\/\/api.w.org\/{rel}","templated":true}]}}

<div class="wp-block-cover"><img loading="lazy" decoding="async" width="1024" height="768" class="wp-block-cover__image-background wp-image-1874" alt="" src="https://www.harpe-celtique.fr/festival/wp-content/uploads/2012/06/Salon-des-luthiers-©Brigitte-Costa-Leardée-1024x768.jpg" data-object-fit="cover" srcset="https://www.harpe-celtique.fr/festival/wp-content/uploads/2012/06/Salon-des-luthiers-©Brigitte-Costa-Leardée-1024x768.jpg 1024w, https://www.harpe-celtique.fr/festival/wp-content/uploads/2012/06/Salon-des-luthiers-©Brigitte-Costa-Leardée-300x225.jpg 300w" sizes="auto, (max-width: 1024px) 100vw, 1024px" /><span aria-hidden="true" class="wp-block-cover__background has-background-dim"></span><div class="wp-block-cover__inner-container is-layout-flow wp-block-cover-is-layout-flow">
<p class="has-text-align-center has-white-color has-text-color has-link-color has-large-font-size wp-elements-9953298c9792f3495b7951d62453e511"><a href="https://www.harpe-celtique.fr/festival/salon-des-luthiers/" target="_blank" rel="noreferrer noopener"><strong>Salon des Luthiers</strong></a><br>de 9h à 18h, aux Cordeliers, Gratuit</p>
</div></div>


<h2> </h2>
<h2 style="text-align: center;"><span class="OYPEnA text-decoration-none text-strikethrough-none">L&rsquo;Arpiconte &#8211; Camille Lévêque,</span> <span class="OYPEnA text-decoration-none text-strikethrough-none">jeune public</span></h2>
<h2 style="text-align: center;">11h &#8211; Bibliothèque de Dinan &#8211; gratuit (réservation auprès de la Maison de la Harpe)</h2>
<p class="cvGsUA direction-ltr align-justify para-style-body"><em>Un spectacle interactif avec harpe à leviers destinés à un public familial (à partir de 5 ans)</em></p>
<p class="cvGsUA direction-ltr align-justify para-style-body">Camille Levecque se forme à la commedia dell’arte, au mime et aux monologues dans les cours de théâtre d’Agustín Arrazola de 2006 à 2010 à San Sebastián, en Espagne. Elle écrit son premier monologue En el fondo del  bosque (Au fond de la fôret) en 2009 et sa première oeuvre collective en tant que  coautrice avec Jorge Ferrando García, Adán y Eva (Adam et Ève), en 2010. <br />Depuis lors, elle entrelace musique et théâtre dans ses créations et ses activités artistiques. « Les  Arpicontes », que Camille Levecque crée en 2014, sont le fruit de son intérêt pour les Arts de la scène. Il s’agit d’un ensemble de spectacles pour tous les publics dont le but est de faire découvrir la harpe au plus grand nombre de façon originale et bienveillante.</p>
<hr />
<h1 style="text-align: center;"><strong><span style="color: #000000;">CONCERTS AUX CORDELIERS</span></strong></h1>
<h2><span style="color: #000000;"><strong>15h30, Compagnie Artemusie</strong></span></h2>
<p class="cvGsUA direction-ltr align-justify para-style-body">Des chants de pèlerins aux polyphonies du début de la Renaissance, la Compagnie Artemusie explore les musiques de l&rsquo;Espagne des trois cultures. Avec leur instrumentarium de prédilection, harpes, organetto, flûtes, vièle, clavicytherium, saz et percussions, Eva Fogelgesang et Christophe Deslignes font résonner les<br />Cantigas de Santa Maria, chansons séfarades, musiques Arabo-andalouses, chansons du Libre Vermell et du Codex Calixtinus, chansons polyphoniques de Juan de Triana et Juan del Encina, dans un programme<br />coloré et contrasté qui évoque les riches heures de la Convivencia. C&rsquo;est l&rsquo;époque des échanges artistiques, philosophiques et scientifiques entre les trois monothéismes. Jusqu&rsquo;à l&rsquo;Edit d&rsquo;expulsion des juifs d&rsquo;Espagne, qui marqua le début des temps modernes.</p>
<p style="text-align: right;"><em>Tarifs : 11€ / 6€</em></p>
<h2><strong>17h30 &#8211; Morgane Le Cuff</strong></h2>
<p class="_04xlpA direction-ltr align-justify para-style-body"><a href="https://www.harpe-celtique.fr/festival/samedi-15/fnceapromo1/" rel="attachment wp-att-4012"><img decoding="async" class="aligncenter size-full wp-image-4012" src="https://www.harpe-celtique.fr/festival/wp-content/uploads/2024/02/FNCEAPromo1.heic" alt="" /></a></p>
<p>Passionnée de traditions orales, collectées entre la Galice, les Asturies et sa Bretagne natale, Morgane Le Cuff se fait tour à tour clown, conteuse, chanteuse,  accompagnée d’une harpe celtique et de percussions ibériques comme la pandereta ou les cuillères en bois. Au pas, au trot ou en Gallo (langue de Haute-<br />Bretagne), elle nous amène au fond d’un lac pour découvrir les stratagèmes de la fée Viviane afin de séduire Merlin, ou encore aux origines imaginaires de la harpe. Chatouillant, pinçant, percutant ou effleurant les cordes les plus sensibles de nos âmes, Morgane passe du rire aux larmes en transmettant son amour du jeu et de l’improvisation.</p>
<p class="cvGsUA direction-ltr align-justify para-style-body"><span class="OYPEnA text-decoration-none text-strikethrough-none"> </span></p>
<p style="text-align: right;"><em>Tarifs : 11€ / 6€</em></p>
<hr />
<h1 style="text-align: center;">THÉÂTRE DES JACOBINS &#8211; 20h30</h1>
<h2>Anna Eggersberger</h2>
<p>En 2018, Anna a suivi sa passion pour la harpe irlandaise et a intégré l&rsquo;Académie des Musiques Traditionnelles Irlandaises de l&rsquo;Université de Limerick. Elle a obtenu en 2023 une licence et un master en interprétation de musique traditionnelle irlandaise, avec mention très bien dans les deux domaines. Son instrument de prédilection est la harpe à leviers, qu&rsquo;elle utilise pour explorer les frontières entre tradition et innovation.<br />Parallèlement à ses études, Anna a acquis une expérience pédagogique en travaillant avec une section locale de Comhaltas et en enseignant aux étudiants de premier cycle de l&rsquo;Académie des Musiques  Traditionnelles Irlandaises. Ses réalisations ont été reconnues internationalement : en 2022, elle a reçu le prix Ian MacLeòid du jeune compositeur décerné par la Clarsach Society en Écosse, et en 2023 et 2025, elle a remporté la médaille d&rsquo;argent au Trophée Camac à Lorient.</p>
<h3 style="text-align: left;">Raoul Moretti</h3>
<p class="cvGsUA direction-ltr align-justify para-style-body">COULEURS VOYAGEUSES <br />Un flux musical ininterrompu, composé de morceaux issus de ses quatre albums solo, un voyage sonore  captivant mêlant textures classiques, influences pop-rock, improvisation et une utilisation équilibrée de l&rsquo;électronique.<br />L&rsquo;Italo-Suisse Raoul Moretti est un harpiste polyvalent et expérimental.<br />Fort de 25 ans de carrière et de milliers de concerts, il est aujourd&rsquo;hui reconnu comme l&rsquo;un des harpistes les plus novateurs, jouissant d&rsquo;une carrière artistique internationale. Il fait dialoguer sa harpe avec des univers musicaux variés, d&rsquo;autres formes d&rsquo;art et dans des lieux des plus divers.</p>
<p style="margin-bottom: 18pt; background: white; box-sizing: border-box; font-variant-ligatures: normal; font-variant-caps: normal; orphans: 2; widows: 2; -webkit-text-stroke-width: 0px; text-decoration-thickness: initial; text-decoration-style: initial; text-decoration-color: initial; word-spacing: 0px; text-align: right;"><em>Tarifs soirée : 19€ / réduit 13€</em></p>
<p style="text-align: center;"> </p>


<p></p>



<p></p>

<p>  L&rsquo;Arpiconte &#8211; Camille Lévêque, jeune public 11h &#8211; Bibliothèque de Dinan &#8211; gratuit (réservation auprès de la Maison de la Harpe) Un spectacle interactif&hellip; </p>
