{"id":1771,"date":"2015-04-17T14:03:47","date_gmt":"2015-04-17T13:03:47","guid":{"rendered":"http:\/\/www.harpe-celtique.fr\/festival\/?page_id=1771"},"modified":"2026-04-08T13:49:29","modified_gmt":"2026-04-08T12:49:29","slug":"ateliers-danse-bretonne","status":"publish","type":"page","link":"https:\/\/www.harpe-celtique.fr\/festival\/ateliers-danse-bretonne\/","title":{"rendered":"Atelier de danse bretonne"},"content":{"rendered":"<p data-start=\"94\" data-end=\"302\">Pleinement int\u00e9gr\u00e9 au stage de harpe celtique, <strong>mais accessible \u00e0 tous<\/strong>, cet atelier de danse bretonne invite \u00e0 se retrouver et \u00e0 partager un moment convivial, au-del\u00e0 des \u00e2ges et des horizons.<\/p>\n<p data-start=\"304\" data-end=\"529\">Entre d\u00e9tente et apprentissage, il propose une approche vivante du rythme et du mouvement, comme un v\u00e9ritable \u00ab solf\u00e8ge du corps \u00bb, particuli\u00e8rement enrichissant pour les harpistes\u2026 mais tout aussi plaisant pour les curieux !<\/p>\n<p style=\"text-align: justify;\"><strong data-start=\"531\" data-end=\"540\">Dates<\/strong> : vendredi 11 et dimanche 13 juillet \u00e0 15h<br data-start=\"583\" data-end=\"586\" \/><strong data-start=\"586\" data-end=\"594\">Lieu<\/strong> : Les Cordeliers<br data-start=\"611\" data-end=\"614\" \/><strong data-start=\"614\" data-end=\"623\">Dur\u00e9e<\/strong> : 1h30<br data-start=\"630\" data-end=\"633\" \/><strong data-start=\"633\" data-end=\"642\">Tarif<\/strong> : Gratuit, Ouvert \u00e0 tous<\/p>\n","protected":false},"excerpt":{"rendered":"<p>Pleinement int\u00e9gr\u00e9 au stage de harpe celtique, mais accessible \u00e0 tous, cet atelier de danse bretonne invite \u00e0 se retrouver et \u00e0 partager un moment&hellip; <\/p>\n","protected":false},"author":3,"featured_media":0,"parent":0,"menu_order":0,"comment_status":"closed","ping_status":"closed","template":"page-templates\/gallery-template.php","meta":{"_monsterinsights_skip_tracking":false,"_monsterinsights_sitenote_active":false,"_monsterinsights_sitenote_note":"","_monsterinsights_sitenote_category":0,"footnotes":"","_links_to":"","_links_to_target":""},"class_list":["post-1771","page","type-page","status-publish","hentry"],"_links":{"self":[{"href":"https:\/\/www.harpe-celtique.fr\/festival\/wp-json\/wp\/v2\/pages\/1771","targetHints":{"allow":["GET"]}}],"collection":[{"href":"https:\/\/www.harpe-celtique.fr\/festival\/wp-json\/wp\/v2\/pages"}],"about":[{"href":"https:\/\/www.harpe-celtique.fr\/festival\/wp-json\/wp\/v2\/types\/page"}],"author":[{"embeddable":true,"href":"https:\/\/www.harpe-celtique.fr\/festival\/wp-json\/wp\/v2\/users\/3"}],"replies":[{"embeddable":true,"href":"https:\/\/www.harpe-celtique.fr\/festival\/wp-json\/wp\/v2\/comments?post=1771"}],"version-history":[{"count":21,"href":"https:\/\/www.harpe-celtique.fr\/festival\/wp-json\/wp\/v2\/pages\/1771\/revisions"}],"predecessor-version":[{"id":4340,"href":"https:\/\/www.harpe-celtique.fr\/festival\/wp-json\/wp\/v2\/pages\/1771\/revisions\/4340"}],"wp:attachment":[{"href":"https:\/\/www.harpe-celtique.fr\/festival\/wp-json\/wp\/v2\/media?parent=1771"}],"curies":[{"name":"wp","href":"https:\/\/api.w.org\/{rel}","templated":true}]}}

<p data-start="94" data-end="302">Pleinement intégré au stage de harpe celtique, <strong>mais accessible à tous</strong>, cet atelier de danse bretonne invite à se retrouver et à partager un moment convivial, au-delà des âges et des horizons.</p>
<p data-start="304" data-end="529">Entre détente et apprentissage, il propose une approche vivante du rythme et du mouvement, comme un véritable « solfège du corps », particulièrement enrichissant pour les harpistes… mais tout aussi plaisant pour les curieux !</p>
<p style="text-align: justify;"><strong data-start="531" data-end="540">Dates</strong> : vendredi 11 et dimanche 13 juillet à 15h<br data-start="583" data-end="586" /><strong data-start="586" data-end="594">Lieu</strong> : Les Cordeliers<br data-start="611" data-end="614" /><strong data-start="614" data-end="623">Durée</strong> : 1h30<br data-start="630" data-end="633" /><strong data-start="633" data-end="642">Tarif</strong> : Gratuit, Ouvert à tous</p>

<p>Pleinement intégré au stage de harpe celtique, mais accessible à tous, cet atelier de danse bretonne invite à se retrouver et à partager un moment&hellip; </p>
